)/(2/2). Let g(r) = 7*r**2 - 4. Let s be g(a). Suppose u - 3*t = 26, 2*u = 6*u + 3*t - s. What are the prime factors of u?
17
Suppose 3*a = a + 46. Suppose -4*l - 17 = a. What are the prime factors of 2/(-1)*l/4?
5
Suppose 3*p + p - 560 = 0. List the prime factors of p.
2, 5, 7
Let n(h) = -23*h - 1. List the prime factors of n(-2).
3, 5
Let f(y) = -y**2 - 7*y - 5. Let b be f(-5). Suppose b*w - 30 = 20. What are the prime factors of w?
2, 5
Suppose 0 = -5*i + 20, -5*r + 16 = -r + i. Suppose 40 = 4*a - 3*y, 3*a - 26 = -r*y + 4. What are the prime factors of a?
2, 5
List the prime factors of (8/(-10))/(2/5) - -240.
2, 7, 17
Suppose 10 = 4*q - 6. Suppose -2*g = -4*l + 30, -q*l + 4*g = 5*g - 27. List the prime factors of l.
7
Let l = 167 + -110. What are the prime factors of l?
3, 19
Let o be (-15)/(-3 - 0)*-3. Let j = -8 - o. What are the prime factors of j?
7
Suppose 0 = 2*q + q - 126. What are the prime factors of q?
2, 3, 7
Suppose 0 = a - 2*a + 35. List the prime factors of a.
5, 7
Suppose 72 + 42 = 3*t. Let v = 76 - t. Suppose -3*f + v = -2*w, 0 = 2*f + 3*w - 7 - 14. List the prime factors of f.
2, 3
Suppose 6*g = g + 25. List the prime factors of g.
5
Suppose 3*x + 9 + 27 = 0. List the prime factors of x/30 + 34/10.
3
Suppose -2*w - 126 = -2*k, -k - w = -0 - 53. List the prime factors of k.
2, 29
Suppose -4*u = 3*l - 395, -u - 44 + 134 = -l. Suppose u = 3*w + n, n = -w + 35 - 4. What are the prime factors of w?
2
Let y = -145 + 271. List the prime factors of y.
2, 3, 7
Suppose 0 = q - 7 - 126. List the prime factors of q.
7, 19
Let b(p) = p**2 - 5*p + 4. Let j be b(6). Suppose 0 = 4*q + 3*m + 22, -m = q + 4*m + 14. Let w = q + j. List the prime factors of w.
2, 3
Let i(s) = -s**2 - 4*s + 3. Let g be i(-4). Suppose -5*j - 10 = 2*o - 3, -5*o + 29 = -g*j. List the prime factors of o.
2
Let v be (-1)/(-4) + (-78)/(-8). Let f = -1 + v. What are the prime factors of f?
3
List the prime factors of (-1 - -38) + -1 + 1.
37
Let f(l) = -l**3 + 4*l**2 - 4. Let x be f(3). Suppose x*a = 2*a + 42. List the prime factors of a.
2, 7
Let s(b) = 89*b + 4. List the prime factors of s(1).
3, 31
Let v be 4/(-10) - (-6)/15. Suppose v = -4*q + 94 + 46. What are the prime factors of q?
5, 7
Let y be (-96)/(-56) - 4/(-14). Let p = -1 - y. What are the prime factors of ((-114)/p)/(5 + -3)?
19
List the prime factors of (-6)/9*-3 + 74.
2, 19
Let d be (-4)/(-14) - 328/(-28). Let c(h) = h**3 - 2*h**2 - h + 2. Let u be c(2). Suppose u*o + 2*o - d = 0. What are the prime factors of o?
2, 3
Let t(m) = 7*m**2 - 2*m - 2. Let s be t(-1). Suppose -s + 34 = l. List the prime factors of l.
3
Let z = 68 + -38. List the prime factors of z.
2, 3, 5
Let p = 56 + -16. What are the prime factors of p?
2, 5
Suppose z = -2*m - 10, -10 = 2*m + 3*z + 8. Let v be (-50)/8*(m - -7). Let w = v + 35. What are the prime factors of w?
2, 5
Let t(y) = 22*y**2 + 2*y. Let d be t(-2). Suppose 5*b + d = 3*a, -2*a = -2*b + a - 39. Let j = 26 + b. What are the prime factors of j?
11
Let b = 1 + 2. Suppose o + 3*h - b = -2, 4*o - h = 17. What are the prime factors of o?
2
Let y = 28 - -13. Suppose 2*t + 3*f + 9 = 29, 5*t + 3*f = y. List the prime factors of 2/t + 188/28.
7
Let n = -3 - -6. List the prime factors of 2*n/(-9)*-3.
2
List the prime factors of (-1)/(-4) - 81/(-12).
7
Let m = 37 - 32. What are the prime factors of m?
5
Let z = -38 - -68. What are the prime factors of z?
2, 3, 5
Let f(j) = j**3 + 9*j**2 + 5*j - 10. What are the prime factors of f(-7)?
53
Let v(f) be the third derivative of f**4/24 - f**2. Let m be v(2). Suppose m*n + 13 = 3*n. What are the prime factors of n?
13
Let w = 38 + 13. List the prime factors of w.
3, 17
Let b be 6/9*(-42)/(-4). Suppose 3*f = b*f - 16. List the prime factors of f.
2
Let v = -18 - -29. Let r = 18 - v. List the prime factors of r.
7
Let l(h) = 3*h**2 - h. Let f be l(1). Suppose -3*k + f*k = 0. Let v(j) = j**2 + j + 15. List the prime factors of v(k).
3, 5
Suppose 17*a - 328 = 15*a. What are the prime factors of a?
2, 41
Let c(p) = -17*p - 7. Let h be c(-3). Suppose -4*f + h = 12. List the prime factors of f.
2
Let y be 3/(-2)*(-8)/6. Suppose 4*p + 21 = b + 5, 22 = y*b - 3*p. Let q = b - 6. What are the prime factors of q?
2
Let f(s) = -s - 7. Let q be f(-9). Let k(i) = 3 + 2 + q + i**2 + 5*i. List the prime factors of k(-5).
7
Suppose 0 = s - 11 + 9. Suppose 0 = -5*y + 3*z + 18, 0 = -4*y - s*z + 15 - 5. List the prime factors of y.
3
Let j(s) = 2*s**2 - 5*s + 0*s**2 + 4*s. Let u be j(-1). Suppose 5*t + g - 14 = -2, u*t + 5*g = -6. What are the prime factors of t?
3
Let l(n) = 3*n - 13. Suppose -65 + 20 = -5*q. List the prime factors of l(q).
2, 7
Suppose -2*b + 3*w = 8*w - 4, -3*w = b - 1. Suppose b*j = 4*j + 54. List the prime factors of j.
2, 3
Let i = -33 + 38. What are the prime factors of i?
5
Let q(y) = y**3 + 10*y**2 - 11*y + 9. Let b(v) = v**3 - 10*v**2 + 3*v. Let s be b(10). Let m = 19 - s. What are the prime factors of q(m)?
3
Let d be (-12)/20 - (-36)/10. Suppose 5*f + 0 = d*s - 2, -4*f = -2*s - 2. List the prime factors of s.
3
Suppose 2*t - 4 = -2. What are the prime factors of 1 + 10 + 2/t?
13
Let u = -10 - -15. Suppose -u*z - 2*w + 4*w = -112, 0 = 3*z - 3*w - 69. List the prime factors of z.
2, 11
List the prime factors of 518/6 + 28/42.
3, 29
Let f = 11 - 7. Let c be 18/f*(-1 - -5). Suppose 3*s = 15, -4*i - s + c = -3*i. What are the prime factors of i?
13
Let z(q) = q**3 - 4*q**2 - 2*q**2 + 5*q + 3 + 6. List the prime factors of z(6).
3, 13
Let i(y) = 3 - 3 + 12*y - 1. List the prime factors of i(1).
11
Let x be 3/(-3*(-2)/(-20)). Let a = -5 - x. List the prime factors of a.
5
Suppose 6 = 2*p + n, 5*p - 15 = 3*n - 0. Suppose 114 = -p*o + 6*o. List the prime factors of o.
2, 19
Let n = 4 + 1. List the prime factors of n.
5
Suppose 24 + 15 = f. List the prime factors of f.
3, 13
Let t be ((-12)/10)/((-4)/10). Suppose t*d + d = 12. Suppose 3*b - 5*o = 7*b + d, o = 3*b - 12. What are the prime factors of b?
3
Let a be (-15)/10*(-2 - 0). Suppose -2*y = a*r - 4 - 3, y + 5*r = 0. List the prime factors of y.
5
Let o(a) = a**3 + 6*a**2 - 6*a + 7. Let z be o(-7). Suppose -4*w - 21 = -3*h, 1 = -2*w - 3*h - 14. Let m = z - w. List the prime factors of m.
2, 3
What are the prime factors of (2 - (51 - 4))*-1?
3, 5
Let f = 120 - 65. List the prime factors of f.
5, 11
Suppose -3*m - 18 = -3*d, -4*d + 4 + 0 = -2*m. List the prime factors of (-3)/((-18)/m)*-3.
5
Suppose 1109 - 125 = 8*a. What are the prime factors of a?
3, 41
What are the prime factors of -3*7*(-16)/6?
2, 7
Let u = -7 - -14. List the prime factors of u.
7
Let t = 7 - -17. List the prime factors of t.
2, 3
Let n = 22 - -20. List the prime factors of n - (2 + -2 + 0).
2, 3, 7
Suppose -366 = 5*f + 84. Let x = -52 - f. List the prime factors of x.
2, 19
Let f(l) be the first derivative of -l**5/24 + l**4/24 + l**3 + 1. Let a(y) be the third derivative of f(y). What are the prime factors of a(-3)?
2
Let j be -2 + (0 - -3) - 0. Let t be j + -1 - (-1 + -2). Suppose t*g = -0*g + 18. List the prime factors of g.
2, 3
Let w(h) = -2*h**2 + 2*h + 2. Let k be w(3). Let c = 14 - k. Suppose -l = l - c. What are the prime factors of l?
2, 3
Suppose 2*b - 616 = 4*r, b + 5*r - 924 = -2*b. What are the prime factors of b?
2, 7, 11
Suppose 4*u + 4*m - 4 = 0, -u = -0*m + 2*m. Let h be 1*((-3 - -2) + u). Suppose -3*p - h + 13 = 0. What are the prime factors of p?
2
Let k(x) = x**2 - 8*x - 1. Let s be k(7). Let y = 5 - s. List the prime factors of y.
13
Let m be 77/28 - 1/(-4). Suppose 0*v + 6 = m*v. What are the prime factors of v?
2
Suppose -4*s + 8 = 2*j, 3*j + 3 - 8 = s. Let w be s - (-1 + (-1 - -2)). What are the prime factors of w/(1/(2 + 0))?
2
What are the prime factors of 7 - 10 - (-5 - 2)?
2
Suppose -315 = -5*k + 5*i, 4*i + 267 = 4*k + 3*i. What are the prime factors of k?
2, 17
Let n(o) be the first derivative of o**3/3 - o**2 - 3*o - 7. What are the prime factors of n(7)?
2
Let y = 4 - 13. Let w = y + 46. List the prime factors of w.
37
Let w = 194 - 24. List the prime factors of w.
2, 5, 17
Suppose v = -2*v. Suppose -5*i = 4*k - 29, -3*i = -v*k + 3*k - 15. What are the prime factors of i?
3
Let v = -4 - -13. Let u(o) = -o**3 + 6*o**2 + 7*o - 3. Let q be u(7). Let h = v - q. List the prime fact